
Calculate the greatest common factor of 59 and 177.
59
What is the highest common factor of 216 and 918?
54
Calculate the highest common factor of 4 and 484.
4
Calculate the greatest common divisor of 69 and 1863.
69
Calculate the greatest common divisor of 17563 and 193.
193
What is the greatest common divisor of 144 and 1656?
72
Calculate the greatest common factor of 87 and 145.
29
Calculate the highest common factor of 2047 and 23.
23
Calculate the greatest common divisor of 1189 and 58.
29
What is the highest common factor of 2527 and 665?
133
Calculate the highest common factor of 4 and 976.
4
Calculate the greatest common factor of 13 and 13897.
13
What is the highest common factor of 104 and 56?
8
Calculate the greatest common factor of 30 and 1698.
6
Calculate the greatest common factor of 85 and 3655.
85
Calculate the greatest common divisor of 780 and 45.
15
What is the highest common divisor of 544 and 32?
32
What is the highest common divisor of 434 and 28?
14
Calculate the highest common factor of 4988 and 638.
58
What is the greatest common divisor of 2171 and 169?
13
Calculate the greatest common divisor of 82 and 2.
2
Calculate the highest common factor of 9 and 6.
3
Calculate the highest common divisor of 296 and 328.
8
Calculate the greatest common divisor of 280 and 2835.
35
Calculate the greatest common factor of 2160 and 279.
9
Calculate the greatest common factor of 738 and 1599.
123
Calculate the highest common factor of 814 and 148.
74
What is the greatest common divisor of 4556 and 268?
268
What is the highest common divisor of 319 and 649?
11
Calculate the highest common divisor of 4869 and 18.
9
Calculate the greatest common divisor of 310 and 50.
10
What is the highest common divisor of 2 and 704?
2
Calculate the highest common factor of 58 and 1479.
29
What is the highest common factor of 14 and 56?
14
What is the highest common divisor of 810 and 50?
10
Calculate the greatest common divisor of 24 and 408.
24
What is the highest common factor of 19 and 437?
19
Calculate the highest common factor of 114 and 513.
57
What is the highest common factor of 18 and 4050?
18
Calculate the greatest common divisor of 8 and 376.
8
What is the highest common divisor of 112 and 32?
16
Calculate the greatest common factor of 1290 and 60.
30
Calculate the greatest common factor of 462 and 8190.
42
What is the greatest common factor of 808 and 16?
8
What is the greatest common divisor of 175 and 2000?
25
Calculate the highest common divisor of 125 and 775.
25
Calculate the highest common divisor of 212 and 4.
4
What is the greatest common factor of 66 and 102?
6
What is the greatest common divisor of 423 and 470?
47
Calculate the highest common factor of 10557 and 54.
27
What is the highest common divisor of 39 and 325?
13
Calculate the highest common divisor of 65 and 78.
13
Calculate the greatest common divisor of 18 and 45.
9
Calculate the highest common divisor of 132 and 1298.
22
Calculate the greatest common factor of 38 and 8702.
38
Calculate the greatest common divisor of 39 and 312.
39
What is the highest common divisor of 75 and 21?
3
What is the highest common factor of 108 and 540?
108
Calculate the greatest common factor of 2483 and 26.
13
What is the highest common divisor of 4520 and 60?
20
Calculate the greatest common factor of 1620 and 840.
60
What is the highest common divisor of 108 and 594?
54
Calculate the greatest common divisor of 18 and 27.
9
What is the highest common divisor of 16 and 328?
8
What is the highest common factor of 138 and 46?
46
What is the highest common divisor of 1136 and 256?
16
Calculate the greatest common divisor of 16 and 56.
8
Calculate the highest common divisor of 55 and 550.
55
What is the greatest common factor of 2 and 2568?
2
What is the greatest common factor of 19424 and 64?
32
What is the highest common factor of 19 and 2071?
19
Calculate the highest common factor of 173 and 31.
1
Calculate the highest common factor of 109 and 2.
1
Calculate the highest common factor of 610 and 20618.
122
What is the greatest common divisor of 31 and 589?
31
What is the greatest common factor of 48 and 42?
6
Calculate the greatest common factor of 245 and 98.
49
Calculate the greatest common divisor of 115 and 1679.
23
Calculate the highest common factor of 60 and 480.
60
What is the greatest common factor of 11 and 26323?
11
What is the highest common divisor of 462 and 12?
6
What is the highest common factor of 27 and 207?
9
Calculate the highest common divisor of 640 and 580.
20
Calculate the greatest common factor of 20 and 125.
5
Calculate the highest common factor of 338 and 182.
26
Calculate the greatest common factor of 425 and 68.
17
Calculate the highest common divisor of 488 and 2318.
122
What is the greatest common factor of 100 and 460?
20
Calculate the greatest common divisor of 756 and 297.
27
What is the greatest common divisor of 319 and 55?
11
Calculate the highest common divisor of 215 and 5.
5
Calculate the highest common factor of 1604 and 8.
4
Calculate the highest common factor of 24270 and 30.
30
What is the highest common factor of 1280 and 60?
20
Calculate the greatest common divisor of 6 and 1994.
2
What is the greatest common factor of 305 and 366?
61
Calculate the highest common divisor of 224 and 602.
14
What is the highest common factor of 2178 and 33?
33
What is the greatest common factor of 5 and 295?
5
Calculate the greatest common factor of 243 and 1296.
81
Calculate the greatest common divisor of 37 and 2923.
37
Calculate the greatest common divisor of 48 and 816.
48
What is the highest common factor of 4 and 4?
4
What is the greatest common divisor of 434 and 2408?
14
Calculate the highest common factor of 2501 and 244.
61
Calculate the greatest common divisor of 355 and 213.
71
Calculate the greatest common divisor of 42 and 154.
14
What is the greatest common factor of 26 and 22?
2
What is the greatest common factor of 394 and 5?
1
What is the greatest common factor of 481 and 74?
37
What is the highest common factor of 68 and 16337?
17
Calculate the greatest common divisor of 3027 and 24.
3
Calculate the highest common factor of 11 and 968.
11
Calculate the highest common factor of 9 and 288.
9
Calculate the greatest common divisor of 21 and 273.
21
Calculate the greatest common divisor of 361 and 171.
19
What is the highest common divisor of 64 and 40?
8
Calculate the highest common factor of 115 and 1840.
115
What is the greatest common factor of 12765 and 115?
115
What is the greatest common factor of 5837 and 13?
13
What is the highest common divisor of 2387 and 11?
11
What is the highest common factor of 4950 and 44?
22
What is the greatest common divisor of 13 and 2509?
13
Calculate the greatest common divisor of 7 and 35.
7
What is the greatest common divisor of 1802 and 212?
106
Calculate the greatest common divisor of 40 and 1296.
8
What is the highest common divisor of 260 and 260?
260
Calculate the greatest common divisor of 35 and 13265.
35
Calculate the highest common divisor of 28 and 28.
28
Calculate the highest common divisor of 319 and 29.
29
Calculate the greatest common divisor of 96 and 312.
24
Calculate the greatest common factor of 30 and 390.
30
Calculate the highest common factor of 340 and 3.
1
What is the greatest common factor of 247 and 38?
19
Calculate the greatest common factor of 2 and 96.
2
What is the highest common divisor of 55 and 2585?
55
What is the highest common divisor of 360 and 11808?
72
What is the highest common factor of 624 and 8346?
78
What is the highest common factor of 84 and 819?
21
What is the greatest common divisor of 9131 and 23?
23
What is the greatest common factor of 17 and 2533?
17
Calculate the highest common factor of 150 and 1920.
30
Calculate the greatest common divisor of 735 and 42.
21
What is the highest common divisor of 66 and 8811?
33
What is the greatest common factor of 66 and 66?
66
Calculate the greatest common factor of 357 and 3315.
51
What is the greatest common divisor of 85 and 33745?
85
What is the greatest common divisor of 60 and 15?
15
What is the highest common divisor of 3 and 4?
1
Calculate the greatest common divisor of 171 and 19.
19
What is the highest comm